?
2
What is the units digit of 17896?
6
What is the thousands digit of 14662?
4
What is the hundreds digit of 443?
4
What is the units digit of 9457?
7
What is the hundreds digit of 13328?
3
What is the ten thousands digit of 58711?
5
What is the hundreds digit of 25847?
8
What is the hundreds digit of 22355?
3
What is the units digit of 15926?
6
What is the hundreds digit of 46307?
3
What is the ten thousands digit of 44164?
4
What is the hundreds digit of 1438?
4
What is the units digit of 48245?
5
What is the hundreds digit of 223?
2
What is the thousands digit of 4749?
4
What is the tens digit of 5098?
9
What is the hundreds digit of 16397?
3
What is the ten thousands digit of 12085?
1
What is the units digit of 16343?
3
What is the tens digit of 453?
5
What is the ten thousands digit of 50971?
5
What is the ten thousands digit of 14953?
1
What is the tens digit of 16525?
2
What is the units digit of 38674?
4
What is the units digit of 3916?
6
What is the units digit of 35592?
2
What is the units digit of 859?
9
What is the tens digit of 167?
6
What is the hundreds digit of 999?
9
What is the ten thousands digit of 80800?
8
What is the ten thousands digit of 11330?
1
What is the hundreds digit of 778?
7
What is the hundreds digit of 34858?
8
What is the units digit of 469?
9
What is the units digit of 5007?
7
What is the tens digit of 1523?
2
What is the units digit of 153?
3
What is the hundreds digit of 2401?
4
What is the thousands digit of 12850?
2
What is the thousands digit of 3571?
3
What is the ten thousands digit of 26158?
2
What is the tens digit of 15474?
7
What is the hundreds digit of 20160?
1
What is the tens digit of 524?
2
What is the ten thousands digit of 54277?
5
What is the units digit of 360?
0
What is the tens digit of 480?
8
What is the thousands digit of 3142?
3
What is the hundreds digit of 51393?
3
What is the tens digit of 379?
7
What is the units digit of 279?
9
What is the hundreds digit of 5092?
0
What is the tens digit of 1783?
8
What is the units digit of 22?
2
What is the tens digit of 94783?
8
What is the hundreds digit of 706?
7
What is the tens digit of 16212?
1
What is the thousands digit of 1733?
1
What is the tens digit of 37575?
7
What is the hundreds digit of 2931?
9
What is the hundreds digit of 2168?
1
What is the units digit of 1172?
2
What is the tens digit of 8937?
3
What is the tens digit of 213?
1
What is the tens digit of 3584?
8
What is the thousands digit of 5099?
5
What is the tens digit of 454?
5
What is the hundreds digit of 9138?
1
What is the thousands digit of 2620?
2
What is the hundreds digit of 249?
2
What is the units digit of 2926?
6
What is the tens digit of 15985?
8
What is the units digit of 8619?
9
What is the tens digit of 2311?
1
What is the hundreds digit of 53065?
0
What is the thousands digit of 2704?
2
What is the tens digit of 997?
9
What is the ten thousands digit of 132696?
3
What is the units digit of 2527?
7
What is the hundreds digit of 1048?
0
What is the ten thousands digit of 13732?
1
What is the thousands digit of 1469?
1
What is the thousands digit of 22942?
2
What is the thousands digit of 102465?
2
What is the tens digit of 3392?
9
What is the units digit of 206?
6
What is the units digit of 38855?
5
What is the units digit of 1065?
5
What is the ten thousands digit of 34747?
3
What is the hundreds digit of 53201?
2
What is the tens digit of 4121?
2
What is the hundreds digit of 165173?
1
What is the units digit of 2173?
3
What is the thousands digit of 4385?
4
What is the units digit of 538?
8
What is the thousands digit of 2191?
2
What is the tens digit of 20600?
0
What is the tens digit of 259?
5
What is the thousands digit of 44230?
4
What is the tens digit of 672?
7
What is the thousands digit of 7222?
7
What is the hundreds digit of 1429?
4
What is the units digit of 19994?
4
What is the tens digit of 2803?
0
What is the hundreds digit of 55029?
0
What is the units digit of 1296?
6
What is the tens digit of 12232?
3
What is the units digit of 67456?
6
What is the tens digit of 184455?
5
What is the tens digit of 5970?
7
What is the thousands digit of 70278?
0
What is the thousands digit of 19131?
9
What is the ten thousands digit of 12240?
1
What is the hundreds digit of 215?
2
What is the units digit of 118?
8
What is the tens digit of 4026?
2
What is the tens digit of 1020?
2
What is the units digit of 9250?
0
What is the hundreds digit of 1851?
8
What is the hundreds digit of 37902?
9
What is the tens digit of 2533?
3
What is the ten thousands digit of 29455?
2
What is the hundreds digit of 1856?
8
What is the ten thousands digit of 17990?
1
What is the units digit of 4426?
6
What is the tens digit of 905?
0
What is the tens digit of 26491?
9
What is the ten thousands digit of 27068?
2
What is the tens digit of 1200?
0
What is the tens digit of 284?
8
What is the hundreds digit of 23718?
7
What is the thousands digit of 116696?
6
What is the thousands digit of 3224?
3
What is the thousands digit of 8233?
8
What is the thousands digit of 45430?
5
What is the tens digit of 232?
3
What is the tens digit of 1563?
6
What is the tens digit of 113?
1
What is the hundreds digit of 283?
2
What is the thousands digit of 4453?
4
What is the units digit of 6927?
7
What is the thousands digit of 1587?
1
What is the thousands digit of 1847?
1
What is the hundreds digit of 2673?
6
What is the units digit of 8684?
4
What is the units digit of 5217?
7
What is the ten thousands digit of 11776?
1
What is the thousands digit of 1143?
1
What is the hundreds digit of 25817?
8
What is the thousands digit of 7521?
7
What is the tens digit of 1275?
7
What is the units digit of 14?
4
What is the ten thousands digit of 12944?
1
What is the units digit of 2432?
2
What is the tens digit of 8947?
4
What is the hundreds digit of 3322?
3
What is the thousands digit of 3084?
3
What is the units digit of 6118?
8
What is the thousands digit of 1469?
1
What is the hundreds digit of 107723?
7
What is the thousands digit of 6871?
6
What is the tens digit of 22329?
2
What is the tens digit of 48?
4
What is the hundreds digit of 648?
6
What is the tens digit of 57249?
4
What is the hundreds digit of 4708?
7
What is the units digit of 1864?
4
What is the thousands digit of 1117?
1
What is the thousands digit of 3633?
3
What is the ten thousands digit of 18104?
1
What is the units digit of 665?
5
What is the tens digit of 93?
9
What is the tens digit of 221?
2
What is the thousands digit of 7740?
7
What is the tens digit of 65?
6
What is the hundreds digit of 4821?
8
What is the units digit of 7662?
2
What is the thousands digit of 45055?
5
What is the hundreds digit of 620?
6
What is the tens digit of 2088?
8
What is the units digit of 99667?
7
What is the tens digit of 856?
5
What is the units digit of 926?
6
What is the ten thousands digit of 51481?
5
What is the thousands digit of 60573?
0
What is the hundreds digit of 1734?
7
What is the units digit of 6918?
8
What is the tens digit of 13976?
7
What is the units digit of 25998?
8
What is the thousands digit of 11873?
1
What is the tens digit of 42937?
3
What is the units digit of 63430?
0
What is the thousands digit of 1292?
1
What is the units digit of 503?
3
What is the tens digit of 1525?
2
What is the tens digit of 36377?
7
What is the hundreds digit of 38042?
0
What is the hundreds digit of 19919?
9
What is the tens digit of 2533?
3
What is the hundreds digit of 280?
2
What is the units digit of 22?
2
What is the thousands digit of 4885?
4
What is the units digit of 57792?
2
What is the thousands digit of 48546?
8
What is the units digit of 47071?
1
What is the thousands digit of 2305?
2
What is the units digit of 92?
2
What is the hundred thousands digit of 150329?
1
What is the tens digit of 17912?
1
What is the tens digit of 4917?
1
What is the hundreds digit of 2759?
7
What is the units digit of 176762?
2
What is the thousands digit of 1045?
1
What is the hundreds digit of 79163?
1
What is the ten thousands digit of 10584?
1
What is the units digit of 398?
8
What is the hundreds digit of 11141?
1
What is the ten thousands digit of 48520?
4
What is the units digit of 3931?
1
What is the ten thousands digit of 35241?
3
Wh